10000100000100 (base 2) to base 4.
-30122010010
Convert 103203230 (base 5) to base 2.
1101100011100011110
Convert 453366 (base 8) to base 9.
253301
1403501 (base 7) to base 9
313315
Convert -48450 (base 10) to base 3.
-2110110110
Convert 889137 (base 10) to base 15.
1286ac
-312773 (base 9) to base 5
-21421144
Convert -340220024 (base 5) to base 2.
-101101100001110110001
Convert -485bd (base 15) to base 9.
-381537
370b8 (base 12) to base 7
430016
-11001001001001000 (base 2) to base 12
-4b720
Convert -10001221331 (base 4) to base 11.
-6609a6
Convert 266d7b (base 15) to base 16.
1c2a1f
What is 37a56 (base 11) in base 6?
1100211
What is -1631306 (base 7) in base 13?
-7bc53
Convert -2170ba (base 13) to base 2.
-11000000000011110111
-506980 (base 10) to base 5
-112210410
Convert 3202013 (base 4) to base 10.
14471
What is b608b2 (base 13) in base 8?
20172476
-210211211001222 (base 3) to base 15
-1044c38
-18dd5a (base 15) to base 16
-127b7c
Convert 110110101101000110101 (base 2) to base 3.
10101001221022
What is 235694 (base 13) in base 3?
1120200210112
Convert -4766d (base 15) to base 11.
-145a8a
Convert -13aa434 (base 12) to base 15.
-5329e1
What is -1174ab (base 12) in base 16?
-44f03
1323130023 (base 4) to base 11
315967
-1092677 (base 12) to base 16
-307a3b
Convert 947bea (base 15) to base 6.
411215551
-3013222342 (base 5) to base 16
-5b6f1e
28a3b (base 14) to base 2
11000100110111101
What is 11011110110011001110 (base 2) in base 6?
31320542
What is -10100101100010100101 (base 2) in base 8?
-2454245
Convert -7a574 (base 13) to base 12.
-a8b59
-101010111001111011001 (base 2) to base 7
-14643605
Convert -1151520 (base 8) to base 11.
-1a6661
What is -34e3 (base 16) in base 8?
-32343
5da1 (base 14) to base 10
16409
-ad1ea (base 16) to base 12
-2a2436
1111200 (base 4) to base 16
1560
Convert -340303423 (base 5) to base 2.
-101101100110011011110
-1501624 (base 11) to base 16
-2759d3
Convert 55600 (base 10) to base 6.
1105224
Convert 22a26 (base 14) to base 7.
500546
Convert -377379 (base 11) to base 12.
-248692
Convert 6375c (base 13) to base 5.
21213332
What is -33313 (base 6) in base 2?
-1001000101101
-12002022 (base 4) to base 3
-1020220100
What is -202102111111 (base 3) in base 9?
-672444
What is 327250a (base 12) in base 5?
4424324304
-a8b652 (base 13) to base 9
-7415216
1538434 (base 9) to base 16
d024c
What is -320103022121 (base 4) in base 12?
-4b389b5
Convert -302146 (base 9) to base 10.
-178728
What is 111101011011001011 (base 2) in base 4?
331123023
Convert 1cc753 (base 13) to base 3.
1101200100011
Convert -14b76a (base 12) to base 10.
-351874
What is -15110204 (base 6) in base 8?
-1774174
What is 2471b (base 13) in base 11?
46476
Convert -5301401 (base 7) to base 14.
-128d38
111001110010011110 (base 2) to base 6
5023502
What is -2341343 (base 5) in base 12?
-21104
Convert 1111010010000110011 (base 2) to base 12.
201983
-45a618 (base 11) to base 14
-1507d6
-10201033 (base 4) to base 3
-221101121
Convert 1121222111101 (base 3) to base 11.
541446
488ad9 (base 15) to base 3
20112101121220
Convert 303131 (base 4) to base 8.
6335
-81751 (base 11) to base 9
-201654
-1531287 (base 11) to base 2
-1010000000001111000111
What is -737977 (base 13) in base 5?
-1142423412
110110011001111010010011 (base 2) to base 15
13bab3c
What is -12a599 (base 11) in base 3?
-101101022202
What is -5234 (base 7) in base 4?
-130232
Convert -3216211 (base 7) to base 3.
-201212112011
11101125 (base 6) to base 3
122000000222
What is 3035102 (base 7) in base 12?
155538
Convert 32130331230 (base 4) to base 3.
21010111001110
-184730 (base 9) to base 3
-12211211000
-5a536 (base 15) to base 9
-478116
What is -11301520 (base 8) in base 9?
-4556318
Convert -10440323 (base 6) to base 3.
-121001221120
Convert -441467 (base 8) to base 14.
-3c075
-463655 (base 10) to base 8
-1611447
147015 (base 8) to base 5
3141444
What is -1407599 (base 13) in base 11?
-3632629
Convert -35010 (base 7) to base 2.
-10001011011101
What is 611272 (base 8) in base 11?
128353
-334974 (base 10) to base 14
-8a10a
Convert 24a01 (base 15) to base 14.
308d3
What is -10001101100100101 (base 2) in base 15?
-16725
What is -5034152 (base 8) in base 14?
-266d06
Convert 12158732 (base 10) to base 14.
188704c
-405c63 (base 14) to base 10
-2167455
Convert 1b5a78 (base 13) to base 11.
437662
What is -101100101100001001010 (base 2) in base 6?
-51215334
What is -11401 (base 16) in base 10?
-70657
-62750 (base 14) to base 16
-39f72
-81c3 (base 13) to base 6
-214520
-1260216 (base 9) to base 7
-5566662
What is 4113684 (base 9) in base 11?
1269528
Convert -4853b5 (base 13) to base 9.
-3218600
-100110000010001111101 (base 2) to base 11
-781430
What is 702263 (base 9) in base 8?
1452454
-271462 (base 12) to base 6
-21455002
-42052316 (base 7) to base 11
-1aaa442
Convert 12d3d4b (base 14) to base 5.
4313143224
What is 721a5 (base 16) in base 11?
29a158
Convert -4322012 (base 5) to base 4.
-101322212
-2387db (base 16) to base 8
-10703733
What is a72a61 (base 11) in base 12?
6a9720
What is 130092 (base 11) in base 10?
205075
What is -10430 (base 16) in base 9?
-111328
Convert -300115 (base 7) to base 3.
-2120020201
-8479 (base 12) to base 9
-21783
What is -570635 (base 8) in base 9?
-323571
Convert -450351 (base 12) to base 5.
-240141001
-120210011102 (base 3) to base 6
-10354145
What is 206369 (base 12) in base 15?
a0a30
-11100101010010110000 (base 2) to base 13
-26b63c
22010111000 (base 3) to base 4
213010002
What is -101000011100011100101001 (base 2) in base 16?
-a1c729
What is 5b178 (base 13) in base 7?
1264403
2211435 (base 8) to base 5
123012332
What is -1101101100111011 (base 2) in base 12?
-2858b
Convert 1541d7e (base 15) to base 3.
1001222012220202
What is -343110 (base 7) in base 8?
-167266
What is -20112104 (base 5) in base 9?
-263767
What is 211111200012222 (base 3) in base 13?
262a246
What is 507786 (base 12) in base 2?
100110010111110010110
11000010111110 (base 2) to base 4
3002332
1a4b5b (base 12) to base 11
2981a9
What is -10000110000110111100110 (base 2) in base 5?
-2111110340
What is 57998 (base 10) in base 12?
29692
What is -268708 (base 10) in base 4?
-1001212210
78895 (base 16) to base 13
143953
Convert -100100101000111100110011 (base 2) to base 5.
-4424324130
-a37d0 (base 14) to base 12
-16bb8a
What is 21331103302 (base 4) in base 12?
a5a7aa
3a961 (base 11) to base 4
32100111
What is -1622d3 (base 15) in base 8?
-4052673
Convert 271cb (base 13) to base 6.
1321113
What is 1062148 (base 9) in base 13?
1706c0
What is -205338 (base 11) in base 15?
-677e1
Convert 2123310120 (base 4) to base 2.
10011011110100011000
111101101101 (base 2) to base 3
12102021
What is -5a244 (base 11) in base 2?
-10101001100010101
What is -7a8a3 (base 12) in base 7?
-1251165
Convert 1045741 (base 9) to base 12.
23123a
What is -95906 (base 10) in base 2?
-10111011010100010
Convert 27596 (base 15) to base 11.
86854
What is 4040345 (base 6) in base 9?
322262
Convert 1204110 (base 6) to base 8.
173212
551541 (base 9) to base 5
41013341
What is -1352ba (base 15) in base 9?
-1665004
What is 316775 (base 8) in base 5?
11342411
What is 31100301 (base 4) in base 14?
15b21
-32084622 (base 9) to base 16
-ec04b3
-74405 (base 10) to base 7
-426632
-60001025 (base 7) to base 12
-17a3898
What is -6502993 (base 11) in base 14?
-173a77c
What is 880d (base 15) in base 10?
28813
Convert -433643 (base 11) to base 8.
-2511235
-5505163 (base 7) to base 16
-a4929
Convert -32300330 (base 4) to base 13.
-216b0
Convert 139990 (base 11) to base 7.
1565660
Convert 544454 (base 7) to base 15.
1d34b
Convert 4630314 (base 7) to base 3.
1002101222000
Convert -5773558 (base 9) to base 2.
-1011111001100000010000
What is 1211122121202 (base 3) in base 9?
1748552
Convert 2156225 (base 8) to base 6.
20240405
Convert -41a238 (base 12) to base 15.
-15641b
Convert -222233102 (base 4) to base 8.
-525722
Convert 20200 (base 9) to base 16.
33e4
What is -d61ad (base 15) in base 11?
-423a68
529805 (base 11) to base 14
180bcd
-12197a (base 13) to base 9
-727820
Convert -138682 (base 13) to base 14.
-c54c8
302385 (base 9) to base 5
21211200
Convert -283936 (base 12) to base 6.
-22210110
Convert -76210 (base 12) to base 10.
-155820
Convert 5259 (base 10) to base 2.
10100100010